ided by 29.
0
What is the remainder when 67 is divided by 14?
11
What is the remainder when 59 is divided by 30?
29
What is the remainder when 1326 is divided by 28?
10
Calculate the remainder when 1704 is divided by 122.
118
Calculate the remainder when 243 is divided by 63.
54
What is the remainder when 92 is divided by 27?
11
Calculate the remainder when 1357 is divided by 40.
37
What is the remainder when 68 is divided by 19?
11
Calculate the remainder when 483 is divided by 192.
99
Calculate the remainder when 36735 is divided by 17.
15
What is the remainder when 39 is divided by 25?
14
What is the remainder when 5457 is divided by 103?
101
What is the remainder when 218 is divided by 98?
22
What is the remainder when 75 is divided by 61?
14
Calculate the remainder when 229 is divided by 67.
28
Calculate the remainder when 24 is divided by 14.
10
Calculate the remainder when 497 is divided by 80.
17
Calculate the remainder when 4707 is divided by 107.
106
Calculate the remainder when 234 is divided by 11.
3
What is the remainder when 419 is divided by 108?
95
What is the remainder when 290 is divided by 21?
17
What is the remainder when 106 is divided by 16?
10
What is the remainder when 7399 is divided by 50?
49
Calculate the remainder when 57 is divided by 25.
7
Calculate the remainder when 265 is divided by 146.
119
Calculate the remainder when 2243 is divided by 102.
101
What is the remainder when 1473 is divided by 9?
6
What is the remainder when 1292 is divided by 307?
64
Calculate the remainder when 1798 is divided by 25.
23
What is the remainder when 1673 is divided by 25?
23
What is the remainder when 1988 is divided by 988?
12
Calculate the remainder when 1468 is divided by 5.
3
What is the remainder when 480 is divided by 218?
44
Calculate the remainder when 753 is divided by 9.
6
Calculate the remainder when 136 is divided by 7.
3
What is the remainder when 191 is divided by 56?
23
What is the remainder when 767 is divided by 31?
23
What is the remainder when 3370 is divided by 9?
4
Calculate the remainder when 290 is divided by 28.
10
What is the remainder when 395 is divided by 25?
20
What is the remainder when 57 is divided by 23?
11
What is the remainder when 1426 is divided by 103?
87
What is the remainder when 259 is divided by 27?
16
Calculate the remainder when 63 is divided by 14.
7
Calculate the remainder when 258 is divided by 83.
9
Calculate the remainder when 5185 is divided by 13.
11
Calculate the remainder when 34 is divided by 1.
0
What is the remainder when 350 is divided by 118?
114
Calculate the remainder when 122 is divided by 62.
60
What is the remainder when 5022 is divided by 140?
122
Calculate the remainder when 624 is divided by 142.
56
Calculate the remainder when 221 is divided by 113.
108
What is the remainder when 352 is divided by 71?
68
What is the remainder when 268 is divided by 13?
8
Calculate the remainder when 1256 is divided by 69.
14
Calculate the remainder when 49 is divided by 1.
0
What is the remainder when 22 is divided by 8?
6
Calculate the remainder when 10821 is divided by 41.
38
What is the remainder when 343 is divided by 25?
18
What is the remainder when 1866 is divided by 146?
114
Calculate the remainder when 216 is divided by 31.
30
What is the remainder when 107 is divided by 16?
11
Calculate the remainder when 569 is divided by 116.
105
Calculate the remainder when 3282 is divided by 656.
2
Calculate the remainder when 148 is divided by 15.
13
Calculate the remainder when 6950 is divided by 5.
0
Calculate the remainder when 1202 is divided by 295.
22
Calculate the remainder when 130 is divided by 30.
10
What is the remainder when 64 is divided by 10?
4
What is the remainder when 370 is divided by 42?
34
What is the remainder when 207 is divided by 30?
27
What is the remainder when 522 is divided by 47?
5
Calculate the remainder when 1167 is divided by 221.
62
What is the remainder when 233 is divided by 17?
12
Calculate the remainder when 379 is divided by 166.
47
What is the remainder when 954 is divided by 135?
9
Calculate the remainder when 35 is divided by 7.
0
Calculate the remainder when 11909 is divided by 7.
2
Calculate the remainder when 1430 is divided by 206.
194
Calculate the remainder when 628 is divided by 57.
1
Calculate the remainder when 51 is divided by 5.
1
Calculate the remainder when 44 is divided by 34.
10
Calculate the remainder when 4889 is divided by 30.
29
What is the remainder when 1376 is divided by 686?
4
What is the remainder when 55 is divided by 8?
7
What is the remainder when 547 is divided by 275?
272
Calculate the remainder when 1631 is divided by 48.
47
What is the remainder when 129 is divided by 33?
30
What is the remainder when 41 is divided by 9?
5
Calculate the remainder when 700 is divided by 101.
94
What is the remainder when 1887 is divided by 43?
38
What is the remainder when 877 is divided by 124?
9
What is the remainder when 3520 is divided by 586?
4
What is the remainder when 5527 is divided by 66?
49
Calculate the remainder when 66 is divided by 5.
1
Calculate the remainder when 90 is divided by 69.
21
Calculate the remainder when 349 is divided by 160.
29
Calculate the remainder when 60 is divided by 17.
9
Calculate the remainder when 17 is divided by 5.
2
Calculate the remainder when 110 is divided by 63.
47
Calculate the remainder when 291 is divided by 7.
4
Calculate the remainder when 1284 is divided by 68.
60
What is the remainder when 329 is divided by 71?
45
What is the remainder when 24737 is divided by 114?
113
Calculate the remainder when 87 is divided by 48.
39
Calculate the remainder when 2223 is divided by 53.
50
What is the remainder when 619 is divided by 116?
39
Calculate the remainder when 166 is divided by 27.
4
What is the remainder when 44 is divided by 26?
18
What is the remainder when 778 is divided by 11?
8
What is the remainder when 101 is divided by 9?
2
Calculate the remainder when 2168 is divided by 72.
8
Calculate the remainder when 1063 is divided by 28.
27
What is the remainder when 629 is divided by 206?
11
What is the remainder when 125 is divided by 55?
15
What is the remainder when 264 is divided by 53?
52
Calculate the remainder when 118 is divided by 20.
18
Calculate the remainder when 150 is divided by 85.
65
What is the remainder when 137 is divided by 38?
23
What is the remainder when 1352 is divided by 41?
40
What is the remainder when 1145 is divided by 192?
185
Calculate the remainder when 184 is divided by 159.
25
What is the remainder when 551 is divided by 186?
179
Calculate the remainder when 73 is divided by 2.
1
What is the remainder when 230 is divided by 72?
14
What is the remainder when 273 is divided by 30?
3
What is the remainder when 818 is divided by 41?
39
What is the remainder when 6594 is divided by 13?
3
Calculate the remainder when 501 is divided by 13.
7
What is the remainder when 185 is divided by 64?
57
Calculate the remainder when 1941 is divided by 114.
3
What is the remainder when 1724 is divided by 411?
80
Calculate the remainder when 174 is divided by 22.
20
What is the remainder when 1412 is divided by 33?
26
Calculate the remainder when 405 is divided by 51.
48
What is the remainder when 1762 is divided by 41?
40
What is the remainder when 2073 is divided by 25?
23
What is the remainder when 547 is divided by 33?
19
Calculate the remainder when 305 is divided by 110.
85
Calculate the remainder when 1260 is divided by 79.
75
What is the remainder when 206 is divided by 48?
14
What is the remainder when 334 is divided by 92?
58
Calculate the remainder when 334 is divided by 14.
12
What is the remainder when 2909 is divided by 56?
53
Calculate the remainder when 3860 is divided by 57.
41
Calculate the remainder when 797 is divided by 118.
89
What is the remainder when 51 is divided by 33?
18
Calculate the remainder when 433 is divided by 288.
145
What is the remainder when 357 is divided by 121?
115
Calculate the remainder when 836 is divided by 27.
26
Calculate the remainder when 1735 is divided by 351.
331
Calculate the remainder when 184 is divided by 97.
87
What is the remainder when 84 is divided by 51?
33
Calculate the remainder when 369 is divided b